{"id":81,"date":"2016-12-05T16:08:37","date_gmt":"2016-12-05T16:08:37","guid":{"rendered":"http:\/\/www.iftelecom.com.br\/?page_id=81"},"modified":"2017-01-20T16:16:14","modified_gmt":"2017-01-20T16:16:14","slug":"localizacao","status":"publish","type":"page","link":"https:\/\/www.iftelecom.com.br\/?page_id=81","title":{"rendered":"Localiza\u00e7\u00e3o"},"content":{"rendered":"","protected":false},"excerpt":{"rendered":"","protected":false},"author":5,"featured_media":0,"parent":0,"menu_order":0,"comment_status":"closed","ping_status":"closed","template":"modelo-localizacao.php","meta":[],"yoast_head":"<!-- This site is optimized with the Yoast SEO plugin v15.9.1 - https:\/\/yoast.com\/wordpress\/plugins\/seo\/ -->\n<meta name=\"description\" content=\"A Empresa IF Telecom, atua na \u00e1rea de fabrica\u00e7\u00e3o de antenas e componentes no setor de Broadcast. Estamos localizados em Valinhos, regi\u00e3o de Campinas, S\u00e3o Paulo \u2013 SP.\" \/>\n<meta name=\"robots\" content=\"index, follow, max-snippet:-1, max-image-preview:large, max-video-preview:-1\" \/>\n<link rel=\"canonical\" href=\"https:\/\/www.iftelecom.com.br\/?page_id=81\" \/>\n<meta property=\"og:locale\" content=\"pt_BR\" \/>\n<meta property=\"og:type\" content=\"article\" \/>\n<meta property=\"og:title\" content=\"Localiza\u00e7\u00e3o - IF Telecom\" \/>\n<meta property=\"og:description\" content=\"A Empresa IF Telecom, atua na \u00e1rea de fabrica\u00e7\u00e3o de antenas e componentes no setor de Broadcast. Estamos localizados em Valinhos, regi\u00e3o de Campinas, S\u00e3o Paulo \u2013 SP.\" \/>\n<meta property=\"og:url\" content=\"https:\/\/www.iftelecom.com.br\/?page_id=81\" \/>\n<meta property=\"og:site_name\" content=\"IF Telecom\" \/>\n<meta property=\"article:modified_time\" content=\"2017-01-20T16:16:14+00:00\" \/>\n<meta name=\"twitter:card\" content=\"summary\" \/>\n<script type=\"application\/ld+json\" class=\"yoast-schema-graph\">{\"@context\":\"https:\/\/schema.org\",\"@graph\":[{\"@type\":\"WebSite\",\"@id\":\"https:\/\/www.iftelecom.com.br\/#website\",\"url\":\"https:\/\/www.iftelecom.com.br\/\",\"name\":\"IF Telecom\",\"description\":\"A Empresa IF Telecom, fundada em 2009 em Valinhos, interior do Estado de S\\u00e3o Paulo, possui em seu quadro de colaboradores,  profissionais do mais alto gabarito t\\u00e9cnico, com comprovada experi\\u00eancia em d\\u00e9cadas de fabrica\\u00e7\\u00e3o de antenas e componentes no setor de Broadcast.\",\"potentialAction\":[{\"@type\":\"SearchAction\",\"target\":\"https:\/\/www.iftelecom.com.br\/?s={search_term_string}\",\"query-input\":\"required name=search_term_string\"}],\"inLanguage\":\"pt-BR\"},{\"@type\":\"WebPage\",\"@id\":\"https:\/\/www.iftelecom.com.br\/?page_id=81#webpage\",\"url\":\"https:\/\/www.iftelecom.com.br\/?page_id=81\",\"name\":\"Localiza\\u00e7\\u00e3o - IF Telecom\",\"isPartOf\":{\"@id\":\"https:\/\/www.iftelecom.com.br\/#website\"},\"datePublished\":\"2016-12-05T16:08:37+00:00\",\"dateModified\":\"2017-01-20T16:16:14+00:00\",\"description\":\"A Empresa IF Telecom, atua na \\u00e1rea de fabrica\\u00e7\\u00e3o de antenas e componentes no setor de Broadcast. Estamos localizados em Valinhos, regi\\u00e3o de Campinas, S\\u00e3o Paulo \\u2013 SP.\",\"breadcrumb\":{\"@id\":\"https:\/\/www.iftelecom.com.br\/?page_id=81#breadcrumb\"},\"inLanguage\":\"pt-BR\",\"potentialAction\":[{\"@type\":\"ReadAction\",\"target\":[\"https:\/\/www.iftelecom.com.br\/?page_id=81\"]}]},{\"@type\":\"BreadcrumbList\",\"@id\":\"https:\/\/www.iftelecom.com.br\/?page_id=81#breadcrumb\",\"itemListElement\":[{\"@type\":\"ListItem\",\"position\":1,\"item\":{\"@type\":\"WebPage\",\"@id\":\"https:\/\/www.iftelecom.com.br\/\",\"url\":\"https:\/\/www.iftelecom.com.br\/\",\"name\":\"In\\u00edcio\"}},{\"@type\":\"ListItem\",\"position\":2,\"item\":{\"@type\":\"WebPage\",\"@id\":\"https:\/\/www.iftelecom.com.br\/?page_id=81\",\"url\":\"https:\/\/www.iftelecom.com.br\/?page_id=81\",\"name\":\"Localiza\\u00e7\\u00e3o\"}}]}]}<\/script>\n<!-- \/ Yoast SEO plugin. -->","_links":{"self":[{"href":"https:\/\/www.iftelecom.com.br\/index.php?rest_route=\/wp\/v2\/pages\/81"}],"collection":[{"href":"https:\/\/www.iftelecom.com.br\/index.php?rest_route=\/wp\/v2\/pages"}],"about":[{"href":"https:\/\/www.iftelecom.com.br\/index.php?rest_route=\/wp\/v2\/types\/page"}],"author":[{"embeddable":true,"href":"https:\/\/www.iftelecom.com.br\/index.php?rest_route=\/wp\/v2\/users\/5"}],"replies":[{"embeddable":true,"href":"https:\/\/www.iftelecom.com.br\/index.php?rest_route=%2Fwp%2Fv2%2Fcomments&post=81"}],"version-history":[{"count":1,"href":"https:\/\/www.iftelecom.com.br\/index.php?rest_route=\/wp\/v2\/pages\/81\/revisions"}],"predecessor-version":[{"id":82,"href":"https:\/\/www.iftelecom.com.br\/index.php?rest_route=\/wp\/v2\/pages\/81\/revisions\/82"}],"wp:attachment":[{"href":"https:\/\/www.iftelecom.com.br\/index.php?rest_route=%2Fwp%2Fv2%2Fmedia&parent=81"}],"curies":[{"name":"wp","href":"https:\/\/api.w.org\/{rel}","templated":true}]}}

Localização

<!-- This site is optimized with the Yoast SEO plugin v15.9.1 - https://yoast.com/wordpress/plugins/seo/ -->
<meta name="description" content="A Empresa IF Telecom, atua na área de fabricação de antenas e componentes no setor de Broadcast. Estamos localizados em Valinhos, região de Campinas, São Paulo – SP." />
<meta name="robots" content="index, follow, max-snippet:-1, max-image-preview:large, max-video-preview:-1" />
<link rel="canonical" href="https://www.iftelecom.com.br/?page_id=81" />
<meta property="og:locale" content="pt_BR" />
<meta property="og:type" content="article" />
<meta property="og:title" content="Localização - IF Telecom" />
<meta property="og:description" content="A Empresa IF Telecom, atua na área de fabricação de antenas e componentes no setor de Broadcast. Estamos localizados em Valinhos, região de Campinas, São Paulo – SP." />
<meta property="og:url" content="https://www.iftelecom.com.br/?page_id=81" />
<meta property="og:site_name" content="IF Telecom" />
<meta property="article:modified_time" content="2017-01-20T16:16:14+00:00" />
<meta name="twitter:card" content="summary" />
<script type="application/ld+json" class="yoast-schema-graph">{"@context":"https://schema.org","@graph":[{"@type":"WebSite","@id":"https://www.iftelecom.com.br/#website","url":"https://www.iftelecom.com.br/","name":"IF Telecom","description":"A Empresa IF Telecom, fundada em 2009 em Valinhos, interior do Estado de S\u00e3o Paulo, possui em seu quadro de colaboradores,  profissionais do mais alto gabarito t\u00e9cnico, com comprovada experi\u00eancia em d\u00e9cadas de fabrica\u00e7\u00e3o de antenas e componentes no setor de Broadcast.","potentialAction":[{"@type":"SearchAction","target":"https://www.iftelecom.com.br/?s={search_term_string}","query-input":"required name=search_term_string"}],"inLanguage":"pt-BR"},{"@type":"WebPage","@id":"https://www.iftelecom.com.br/?page_id=81#webpage","url":"https://www.iftelecom.com.br/?page_id=81","name":"Localiza\u00e7\u00e3o - IF Telecom","isPartOf":{"@id":"https://www.iftelecom.com.br/#website"},"datePublished":"2016-12-05T16:08:37+00:00","dateModified":"2017-01-20T16:16:14+00:00","description":"A Empresa IF Telecom, atua na \u00e1rea de fabrica\u00e7\u00e3o de antenas e componentes no setor de Broadcast. Estamos localizados em Valinhos, regi\u00e3o de Campinas, S\u00e3o Paulo \u2013 SP.","breadcrumb":{"@id":"https://www.iftelecom.com.br/?page_id=81#breadcrumb"},"inLanguage":"pt-BR","potentialAction":[{"@type":"ReadAction","target":["https://www.iftelecom.com.br/?page_id=81"]}]},{"@type":"BreadcrumbList","@id":"https://www.iftelecom.com.br/?page_id=81#breadcrumb","itemListElement":[{"@type":"ListItem","position":1,"item":{"@type":"WebPage","@id":"https://www.iftelecom.com.br/","url":"https://www.iftelecom.com.br/","name":"In\u00edcio"}},{"@type":"ListItem","position":2,"item":{"@type":"WebPage","@id":"https://www.iftelecom.com.br/?page_id=81","url":"https://www.iftelecom.com.br/?page_id=81","name":"Localiza\u00e7\u00e3o"}}]}]}</script>
<!-- / Yoast SEO plugin. -->
